-- MySQL dump 10.13  Distrib 5.1.47, for redhat-linux-gnu (x86_64)
--
-- Host: localhost    Database: 381642
-- ------------------------------------------------------
-- Server version	5.1.47

/*!40101 SET @OLD_CHARACTER_SET_CLIENT=@@CHARACTER_SET_CLIENT */;
/*!40101 SET @OLD_CHARACTER_SET_RESULTS=@@CHARACTER_SET_RESULTS */;
/*!40101 SET @OLD_COLLATION_CONNECTION=@@COLLATION_CONNECTION */;
/*!40101 SET NAMES utf8 */;
/*!40103 SET @OLD_TIME_ZONE=@@TIME_ZONE */;
/*!40103 SET TIME_ZONE='+00:00' */;
/*!40014 SET @OLD_UNIQUE_CHECKS=@@UNIQUE_CHECKS, UNIQUE_CHECKS=0 */;
/*!40014 SET @OLD_FOREIGN_KEY_CHECKS=@@FOREIGN_KEY_CHECKS, FOREIGN_KEY_CHECKS=0 */;
/*!40101 SET @OLD_SQL_MODE=@@SQL_MODE, SQL_MODE='NO_AUTO_VALUE_ON_ZERO' */;
/*!40111 SET @OLD_SQL_NOTES=@@SQL_NOTES, SQL_NOTES=0 */;

--
-- Table structure for table `categoria`
--

DROP TABLE IF EXISTS `categoria`;
/*!40101 SET @saved_cs_client     = @@character_set_client */;
/*!40101 SET character_set_client = utf8 */;
CREATE TABLE `categoria` (
  `codigo_categoria` int(3) NOT NULL AUTO_INCREMENT,
  `descricao` varchar(50) NOT NULL,
  PRIMARY KEY (`codigo_categoria`)
) ENGINE=MyISAM AUTO_INCREMENT=7 DEFAULT CHARSET=latin1;
/*!40101 SET character_set_client = @saved_cs_client */;

--
-- Dumping data for table `categoria`
--

LOCK TABLES `categoria` WRITE;
/*!40000 ALTER TABLE `categoria` DISABLE KEYS */;
INSERT INTO `categoria` VALUES (1,'Laticinios'),(2,'doces'),(3,'salgados'),(4,'saladas'),(5,'carnes'),(6,'bebidas');
/*!40000 ALTER TABLE `categoria` ENABLE KEYS */;
UNLOCK TABLES;

--
-- Table structure for table `ocorrencias`
--

DROP TABLE IF EXISTS `ocorrencias`;
/*!40101 SET @saved_cs_client     = @@character_set_client */;
/*!40101 SET character_set_client = utf8 */;
CREATE TABLE `ocorrencias` (
  `id` int(11) NOT NULL,
  `codigo_produto` varchar(10) NOT NULL,
  `descricao` varchar(50) NOT NULL,
  `unidade` varchar(10) NOT NULL,
  `categoria` int(3) NOT NULL,
  `valor_unit` decimal(10,2) NOT NULL,
  `operacao` varchar(40) DEFAULT NULL,
  `usuario_logado` varchar(40) DEFAULT NULL,
  `data_ocorrencia` varchar(30) DEFAULT NULL,
  PRIMARY KEY (`id`)
) ENGINE=MyISAM DEFAULT CHARSET=latin1;
/*!40101 SET character_set_client = @saved_cs_client */;

--
-- Dumping data for table `ocorrencias`
--

LOCK TABLES `ocorrencias` WRITE;
/*!40000 ALTER TABLE `ocorrencias` DISABLE KEYS */;
/*!40000 ALTER TABLE `ocorrencias` ENABLE KEYS */;
UNLOCK TABLES;

--
-- Table structure for table `politico`
--

DROP TABLE IF EXISTS `politico`;
/*!40101 SET @saved_cs_client     = @@character_set_client */;
/*!40101 SET character_set_client = utf8 */;
CREATE TABLE `politico` (
  `id` int(4) NOT NULL,
  `nome` varchar(255) NOT NULL,
  `cargo` varchar(20) NOT NULL,
  `partido` varchar(10) NOT NULL,
  `acusacao` varchar(255) NOT NULL,
  PRIMARY KEY (`id`)
) ENGINE=MyISAM DEFAULT CHARSET=latin1;
/*!40101 SET character_set_client = @saved_cs_client */;

--
-- Dumping data for table `politico`
--

LOCK TABLES `politico` WRITE;
/*!40000 ALTER TABLE `politico` DISABLE KEYS */;
INSERT INTO `politico` VALUES (155,'Valdemar Costa Neto','Exc-Deputado','PL-SP','Mensalao (renunciou para evitar a cassacao)'),(152,'Roberto Jefferson','Ex-Deputado','PTB-RJ','Mensalao'),(153,'Severino Cavalcanti','Ex-Deputado','PP-PE','Escandalo do Mensalinho (Renuncio para evitar a cassacao)'),(154,'Silvio Pereira','SecretarioPT','PT','Mensalao'),(151,'Roberto Brant','Deputado','PFL-MG','Crime Eleitoral, Mensalao, CPI Correios'),(150,'Pedro Correa','Ex-Deputado','PP-PE','Cassado em associacao ao Escandalo do Mensalao, Compra de Votos'),(149,'Paulo Pimenta','Deputado','PT-RS','Compra de Votos, Mensalao, CPI Correios'),(147,'Luiz Gushiken','Ex-Ministro','PT-SP','CPI dos Correios'),(148,'Paulo Salim Maluf','Ex Prefeito','PPB-SP','Corrupcao, Falcatruas, Improbidade Administrativa, Desvio de Dinheiro Publico, Lavagem de dinheiro'),(146,'Josias Gomes','Deputado','PT-BA','Mensalao, CPI dos Correios'),(145,'Jose Nobre Guimaraes','DeputadoEst.','PT-CE','Dolares na Cueca (Agora Candidato a Dep. Federal)'),(144,'Jose Genoino','Ex-Deputado','PT-SP','Mensalao, Dolares na Cueca'),(143,'Jose Dirceu','Ex-Deputado','PT-SP','Coordenador do Mensalao'),(142,'Delubio Soares','Tesoureiro','PT-GO','Ex Tesoureiro do PT'),(140,'Antonio Palocci','Ex-Ministro','PT-SP','Quebra de Sigilo Bancario'),(141,'Carlos Rodrigues','Ex-Deputado','PL-RJ','Bispo Rodrigues'),(138,'ZELINDA NOVAES','Deputada','PFL-BA','Sanguessugas (Escandalo das Ambulancias)'),(139,'Angela Guadagnin','Deputada','PT-SP','Dancarina do Plenario da Camara, comemorando absolvicao de corrupto'),(135,'WANDERVAL SANTOS','Deputada','PL-SP','Corrupcao Passiva'),(136,'WELLINGTON FAGUNDES','Deputada','PL-MT','Sanguessugas (Escandalo das Ambulancias)'),(137,'ZE GERARDO','Deputado','PMDB-CE','Crime de Responsabilidade'),(133,'VIEIRA REIS','Deputado','PRB-RJ','Sanguessugas (Escandalo das Ambulancias)'),(134,'VITTORIO MEDIOLI','Deputado','PV-MG','Sonegacao Fiscal'),(132,'VANDERLEI ASSIS','Deputado','PP-SP','Crime Eleitoral, Sanguessugas (Escandalo das Ambulancias)'),(131,'VALMIR AMARAL','Senador','PTB-DF','Apropriacao Indebita'),(130,'VALDIR RAUPP','Senador','PMDB-RO','Peculato, Uso de Documento Falso, Crime Contra o Sistema Financeiro, Crime Eleitoral e Gestao Fraudulenta de Instituicao Financeira'),(127,'TETE BEZERRA','Deputado','PMDB-MT','Sanguessugas (Escandalo das Ambulancias)'),(128,'THELMA DE OLIVEIRA','Deputada','PSDB-MT','Improbidade Administrativa e Formacao de Quadrilha'),(129,'VADAO GOMES','Deputado','PP-SP','Improbidade Administrativa e Crime Contra a Ordem Tributaria'),(126,'TATICO (JOSE FUSCALDI CESILIO)','Deputado','PTB-DF','Crime Contra a Ordem Tributaria, Declaracao Falsa de Imposto de Renda e Sonegacao Fiscal'),(125,'SUELY CAMPOS','Deputada','PP-RR','Crime Eleitoral'),(124,'SANDRO MABEL','Deputado','PL-GO','Crime Contra a Ordem Tributaria'),(123,'RONALDO DIMAS','Deputado','PSDB-TO','Crime Eleitoral'),(120,'RODOLFO TOURINHO','Senador','PFL-BA','Gestao Fraudulenta de Instituicao Financeira'),(121,'ROMERO JUCA','Senador','PMDB-RR','Improbidade Administrativa'),(122,'ROMEU QUEIROZ','Deputado','PTB-MG','Corrupcao Ativa, Corrupcao Passiva e Lavagem de Dinheiro'),(119,'RICARTE DE FREITAS','Deputado','PTB-MT','Improbidade Administrativa e Formacao de Quadrilha, Sanguessugas (Escandalo das Ambulancias)'),(118,'RICARDO BARROS','Deputado','PP-PR','Sonegacao Fiscal'),(117,'RIBAMAR ALVES','Deputado','PSB-MA','Sanguessugas (Escandalo das Ambulancias)'),(114,'REINALDO BETAO','Deputado','PL-RJ','Sanguessugas (Escandalo das Ambulancias)'),(115,'REINALDO GRIPP','Deputado','PL-RJ','Sanguessugas (Escandalo das Ambulancias)'),(116,'REMI TRINTA','Deputado','PL-MA','Estelionato e Crime Ambiental'),(112,'RAIMUNDO SANTOS','Deputado','PL-PA','Sanguessugas (Escandalo das Ambulancias)'),(113,'REGINALDO GERMANO','Deputado','PP-BA','Sanguessugas (Escandalo das Ambulancias)'),(110,'PROFESSOR IRAPUAN','Deputado','PP-SP','Crime Eleitoral'),(111,'PROFESSOR LUIZINHO','Deputado','PT-SP','Lavagem de Dinheiro'),(107,'PAULO LIMA','Deputado','PMDB-SP','Extorsao e Sonegacao Fiscal'),(108,'PAULO MAGALHAES','Deputado','PFL-BA','Lesao Corporal'),(109,'PEDRO HENRY','Deputado','PP-MT','Formacao de Quadrilha, Lavagem de Dinheiro e Corrupcao Passiva, Sanguessugas (Escandalo das Ambulancias)'),(106,'PAULO JOSE GOUVEIA','Deputado','PL-RS','Porte Ilegal de Arma'),(103,'PAULO AFONSO','Deputado','PMDB-SC','Peculato, Crime Contra o Sistema Financeiro e Improbidade Administrativa'),(105,'PAULO FEIJO','Deputado','PSDB-RJ','Sanguessugas (Escandalo das Ambulancias)'),(104,'PAULO BALTAZAR','Deputado','PSB-RJ','Sanguessugas (Escandalo das Ambulancias)'),(102,'PASTOR AMARILDO','Deputado','PSC-TO','Sanguessugas (Escandalo das Ambulancias)'),(100,'OSMANIO PEREIRA','Deputado','PTB-MG','Sanguessugas (Escandalo das Ambulancias)'),(101,'OSVALDO REIS','Deputado','PMDB-TO','Apropriacao Indebita'),(98,'NEY SUASSUNA','Senador','PMDB-PB','Sanguessugas (Escandalo das Ambulancias)'),(99,'NILTON CAPIXABA','Deputado','PTB-RO','Sanguessugas (Escandalo das Ambulancias)'),(97,'NEUTON LIMA','Deputado','PTB-SP','Sanguessugas (Escandalo das Ambulancias)'),(96,'NELSON BORNIER','Deputado','PMDB-RJ','Improbidade Administrativa'),(95,'NELIO DIAS','Deputado','PP-RN','Sanguessugas (Escandalo das Ambulancias)'),(94,'MAURICIO RABELO','Deputado','PL-TO','Sanguessugas (Escandalo das Ambulancias)'),(92,'MARCOS ABRAMO','Deputado','PP-SP','Sanguessugas (Escandalo das Ambulancias)'),(93,'MARIO NEGROMONTE','Deputado','PP-BA','Sanguessugas (Escandalo das Ambulancias)'),(90,'MARCELO TEIXEIRA','Deputado','PSDB-CE','Sonegacao Fiscal'),(91,'MARCIO REINALDO MOREIRA','Deputado','PP-MG','Crime Ambiental'),(88,'MARCELINO FRAGA','Deputado','PMDB-ES','Crime Eleitoral, Sanguessugas (Escandalo das Ambulancias)'),(89,'MARCELO CRIVELA','Senador','PRB-RJ','Crime Contra o Sistema Financeiro e Falsidade Ideologica'),(85,'LUIZ ANTONIO FLEURY','Deputado','PTB-SP','Improbidade Administrativa'),(86,'LUPERCIO RAMOS','Deputado','PMDB-AM','Crime de Aborto'),(87,'MAO SANTA','Senador','PMDB-PI','Improbidade Administrativa'),(83,'LINO ROSSI','Deputado','PP-MT','Sanguessugas (Escandalo das Ambulancias)'),(84,'LUCIA VANIA','Senadora','PSDB-GO','Peculato'),(82,'LIDEU ARAUJO','Deputado','PP-SP','Crime Eleitoral'),(81,'LEONEL PAVAN','Senador','PSDB-SC','Contratacao de Servicos Publicos Sem Licitacao e Concussao'),(79,'JUVENCIO DA FONSECA','Deputado','PSDB-MS','Improbidade Administrativa'),(80,'LAURA CARNEIRO','Deputada','PFL-RJ','Improbidade Administrativa e Sanguessugas (Escandalo das Ambulancias)'),(77,'JULIO LOPES','Deputado','PP-RJ','Falsidade Ideologica'),(78,'JUNIOR BETAO','Deputado','PL-AC','Declaracao Falsa de Imposto de Renda, Sanguessugas (Escandalo das Ambulancias)'),(76,'JULIO CESAR','Deputado','PFL-PI','Peculato, Formacao de Quadrilha, Lavagem de Dinheiro e Falsidade Ideologica'),(75,'JOVINO CANDIDO','Deputado','PV-SP','Improbidade Administrativa'),(73,'JOSE PRIANTE','Deputado','PMDB-PA','Crime Contra o Sistema Financeiro'),(74,'JOVAIR ARANTES','Deputado','PTB-GO','Improbidade Administrativa'),(71,'JOSE MENTOR','Deputado','PT-SP','Corrupcao Passiva'),(72,'JOSE MILITAO','Deputado','PTB-MG','Sanguessugas (Escandalo das Ambulancias)'),(70,'JOSE LINHARES','Deputado','PP-CE','Improbidade Administrativa'),(68,'JOSE DIVINO','Deputado','PRB-RJ','Sanguessugas (Escandalo das Ambulancias)'),(69,'JOSE JANENE','Deputado','PP-PR','Estelionato, Improbidade Administrativa, Lavagem de Dinheiro, Corrupcao Passiva, Formacao de Quadrilha, Apropriacao Indebita e Crime Eleitoral'),(67,'JORGE PINHEIRO','Deputado','PL-DF','Crime Ambiental'),(66,'JOAO RIBEIRO','Senador','PL-TO','Peculato e Crime de Escravidao'),(65,'JOAO PAULO CUNHA','Deputado','PT-SP','Corrupcao Passiva, Lavagem de Dinheiro e Peculato'),(64,'JOAO MENDES DE JESUS','Deputado','PSB-RJ','Sanguessugas (Escandalo das Ambulancias)'),(62,'JOAO HERRMANN NETO','Deputado','PDT-SP','Apropriacao Indebita'),(63,'JOAO MAGNO','Deputado','PT-MG','Lavagem de Dinheiro'),(61,'JOAO CORREIA','Deputado','PMDB-AC','Declaracao Falsa de Imposto de Renda, Sanguessugas (Escandalo das Ambulancias)'),(59,'JOAO BATISTA','Deputado','PP-SP','Falsidade Ideologica, Sanguessugas (Escandalo das Ambulancias)'),(60,'JOAO CALDAS','Deputado','PL-AL','Sanguessugas (Escandalo das Ambulancias)'),(58,'JEFERSON CAMPOS','Deputado','PTB-SP','Sanguessugas (Escandalo das Ambulancias)'),(55,'JACKSON BARRETO','Deputado','PTB-SE','Peculato e Improbidade Administrativa'),(56,'JADER BARBALHO','Deputado','PMDB-PA','Improbidade Administrativa, Peculato, Crime Contra o Sistema Financeiro e Lavagem de Dinheiro'),(57,'JAIME MARTINS','Deputado','PL-MG','Crime Eleitoral'),(54,'ISAIAS SILVESTRE','Deputado','PSB-MG','Sanguessugas (Escandalo das Ambulancias)'),(53,'ITAMAR SERPA','Deputado','PSDB-RJ','Crime Contra o Consumidor, Sanguessugas (Escandalo das Ambulancias)'),(51,'IRAPUAN TEIXEIRA','Deputado','PP-SP','Sanguessugas (Escandalo das Ambulancias)'),(52,'IRIS SIMOES','Deputado','PTB-PR','Sanguessugas (Escandalo das Ambulancias)'),(50,'INOCENCIO DE OLIVEIRA','Deputado','PMDB-PE','Crime de Escravidao'),(49,'INALDO LEITAO','Deputado','PL-PB','Crime Contra o Patrimonio, Declaracao Falsa de Imposto de Renda'),(46,'GIACOBO (FERNANDO LUCIO GIACOBO)','Deputado','PL-PR','Crime Contra a Ordem Tributaria e Seq?estro'),(48,'GUILHERME MENEZES','Deputado','PT-BA','Improbidade Administrativa'),(47,'GONZAGA PATRIOTA','Deputado','PSDB-PE','Apropriacao Indebita'),(45,'GARIBALDI ALVES','Senador','PMDB-RN','Crime Eleitoral'),(44,'FERNANDO GONCALVES','Deputado','PTB-RJ','Sanguessugas (Escandalo das Ambulancias)'),(42,'ERICO RIBEIRO','Deputado','PP-RS','Crime Contra a Ordem Tributaria e Apropriacao Indebita'),(43,'FERNANDO ESTIMA','Deputado','PPS-SP','Sanguessugas (Escandalo das Ambulancias)'),(40,'ELISEU PADILHA','Deputado','PMDB-RS','Corrupcao Passiva'),(41,'ENIVALDO RIBEIRO','Deputado','PP-PB','Crime Contra a Ordem Tributaria, Sanguessugas (Escandalo das Ambulancias)'),(38,'EDNA MACEDO','Deputado','PTB-SP','Sanguessugas (Escandalo das Ambulancias)'),(39,'ELAINE COSTA','Deputada','PTB-RJ','Sanguessugas (Escandalo das Ambulancias)'),(37,'EDIR DE OLIVEIRA','Deputado','PTB-RS','Sanguessugas (Escandalo das Ambulancias)'),(36,'ELIMAR MAXIMO DAMASCENO','Deputado','PRONA-SP','Falsidade Ideologica'),(35,'EDUARDO SEABRA','Deputado','PTB-AP','Sanguessugas (Escandalo das Ambulancias)'),(34,'EDUARDO GOMES','Deputado','PSDB-TO','Crime Eleitoral, Sanguessugas (Escandalo das Ambulancias)'),(32,'EDSON ANDRINO','Deputado','PMDB-SC','Crime de Responsabilidade'),(33,'EDUARDO AZEREDO','Senador','PSDB-MG','Improbidade Administrativa'),(30,'DILCEU SPERAFICO','Deputado','PP-PR','Apropriacao Indebita'),(31,'DOUTOR HELENO','Deputado','PSC-RJ','Sanguessugas (Escandalo das Ambulancias)'),(29,'DAVI ALCOLUMBRE','Deputado','PFL-AP','Corrupcao Ativa'),(26,'CLOVIS FECURY','Deputado','PFL-MA','Crime Contra a Ordem Tributaria'),(27,'CORIALANO SALES','Deputado','PFL-BA','Sanguessugas (Escandalo das Ambulancias)'),(28,'DARCISIO PERONDI','Deputado','PMDB-RS','Improbidade Administrativa'),(25,'CLEONANCIO FONSECA','Deputado','PP-SE','Sanguessugas (Escandalo das Ambulancias)'),(24,'CIRO NOGUEIRA','Deputado','PP-PI','Crime Contra a Ordem Tributaria e Prevaricacao'),(23,'CHICO DA PRINCESA (FRANCISCO OCTAVIO BECKERT)','Deputado','PL-PR','Crime Eleitoral'),(21,'CARLOS ALBERTO LEREIA','Deputado','PSDB-GO','Lesao Corporal'),(22,'CELSO RUSSOMANNO','Deputado','PP-SP','Crime Eleitoral, Peculato e Agressao'),(20,'CABO JULIO (JULIO CESAR GOMES DOS SANTOS)','Deputado','PMDB-MG','Crime Militar, Sanguessugas (Escandalo das Ambulancias)'),(19,'BISPO WANDERVAL','Deputado','PL-SP','Sanguessugas (Escandalo das Ambulancias)'),(18,'BENJAMIN MARANHAO','Deputado','PMDB-PB','Crime Eleitoral'),(17,'BENEDITO DIAS','Deputado','PP-AP','Sanguessugas (Escandalo das Ambulancias)'),(16,'BENEDITO DE LIRA','Deputado','PP-AL','Sanguessugas (Escandalo das Ambulancias)'),(14,'ANTONIO CARLOS PANNUNZIO','Deputado','PSDB-SP','Crime de Responsabilidade'),(15,'ANTONIO JOAQUIM','Deputado','PSDB-MA','Improbidade Administrativa'),(12,'ANIBAL GOMES','Deputado','PMDB-CE','Improbidade Administrativa'),(13,'ANTERO PAES DE BARROS','Senador','PSDB-MT','Improbidade Administrativa e Formacao de Quadrilha'),(11,'ANDRE ZACHAROW','Deputado','PMDB-PR','Improbidade Administrativa'),(10,'AMAURI GASQUES','Deputado','PL-SP','Sanguessugas (Escandalo das Ambulancias)'),(9,'ALMIR MOURA','Deputado','PFL-RJ','Sanguessugas (Escandalo das Ambulancias)'),(7,'ALEX CANZIANI','Deputado','PTB-PR','Peculato'),(8,'ALMEIDA DE JESUS','Deputado','PL-CE','Sanguessugas (Escandalo das Ambulancias)'),(6,'ALCESTE ALMEIDA','Deputado','PTB-RR','Peculato e Formacao de Quadrilha, Sanguessugas (Escandalo das Ambulancias)'),(5,'ALBERICO FILHO','Deputado','PMDB-MA','Apropriacao Indebita'),(4,'AIRTON ROVEDA','Deputado','PPS-PR','Peculato'),(3,'AELTON FREITAS','Senador','PL-MG','Crime de Responsabilidade e Estelionato'),(2,'ADEMIR PRATES','Deputado','PDT-MG','Falsidade Ideologica'),(1,'ABELARDO LUPION','Deputado','PFL-PR','Sonegacao Fiscal');
/*!40000 ALTER TABLE `politico` ENABLE KEYS */;
UNLOCK TABLES;

--
-- Table structure for table `produto`
--

DROP TABLE IF EXISTS `produto`;
/*!40101 SET @saved_cs_client     = @@character_set_client */;
/*!40101 SET character_set_client = utf8 */;
CREATE TABLE `produto` (
  `codigo_produto` varchar(10) NOT NULL,
  `descricao` varchar(50) NOT NULL,
  `unidade` varchar(10) NOT NULL,
  `categoria` int(3) NOT NULL,
  `valor_unit` decimal(10,2) NOT NULL,
  PRIMARY KEY (`codigo_produto`),
  KEY `categoria` (`categoria`)
) ENGINE=MyISAM DEFAULT CHARSET=latin1;
/*!40101 SET character_set_client = @saved_cs_client */;

--
-- Dumping data for table `produto`
--

LOCK TABLES `produto` WRITE;
/*!40000 ALTER TABLE `produto` DISABLE KEYS */;
INSERT INTO `produto` VALUES ('1','Leite','100',1,'1.00'),('2','Iorgute','100',1,'1.00'),('3','Yakut','100',1,'1.00'),('4','Danoninho','100',1,'1.00'),('5','Queijo','100',1,'1.00'),('6','Leite de soja','100',1,'1.00'),('7','Leite condensado','100',1,'1.00'),('8','Creme de leite','100',1,'1.00'),('9','Agua','100',6,'1.00'),('10','Alface','100',4,'1.00'),('11','Pastel','100',3,'1.00'),('12','Bacon','100',5,'1.00'),('13','Brigadeiro','100',2,'1.00'),('14','Bebida lactea','100',1,'1.00'),('15','Toddynho','100',1,'1.00');
/*!40000 ALTER TABLE `produto` ENABLE KEYS */;
UNLOCK TABLES;
/*!40103 SET TIME_ZONE=@OLD_TIME_ZONE */;

/*!40101 SET SQL_MODE=@OLD_SQL_MODE */;
/*!40014 SET FOREIGN_KEY_CHECKS=@OLD_FOREIGN_KEY_CHECKS */;
/*!40014 SET UNIQUE_CHECKS=@OLD_UNIQUE_CHECKS */;
/*!40101 SET CHARACTER_SET_CLIENT=@OLD_CHARACTER_SET_CLIENT */;
/*!40101 SET CHARACTER_SET_RESULTS=@OLD_CHARACTER_SET_RESULTS */;
/*!40101 SET COLLATION_CONNECTION=@OLD_COLLATION_CONNECTION */;
/*!40111 SET SQL_NOTES=@OLD_SQL_NOTES */;

-- Dump completed on 2010-10-10 11:24:54
